0)/(-8)*(-2)/(-10) - (-9)/12. Let t(w) = 3*w**3 - 7*w**2 - 7*w + 1. Determine t(a).
-2
Let x(m) be the third derivative of -5*m**4/24 - 8*m**3 - 1386*m**2 - 2*m. Determine x(-15).
27
Let m(a) = -a**3 - 3*a**2 + 14*a - 20. Let r be m(-6). Let q(l) = -4*l**2 + 2*l + 13. What is q(r)?
-43
Let k = 74 + -71. Suppose -10 = 5*p - 3*z, 4*z = -p + 1 - k. Let m(g) = 11*g - 3*g - 6 + 2 - 10*g. Give m(p).
0
Let m(x) = 3*x + 4. Let k(u) = u**3 + 31*u**2 + 59*u + 44. Let g be k(-29). Suppose -4*i + 4*z = z + 87, 5*i + z = -104. Let a = g + i. Give m(a).
-14
Let r(j) be the third derivative of j**5/60 + 3*j**4/8 + 13*j**3/6 - 864*j**2. Give r(-6).
-5
Let f(o) = -95*o + 12. Let b(k) = -79*k + 11. Let g(l) = -6*b(l) + 5*f(l). Let d = 15 + -6. Let u(t) = t**2 - 10*t + 9. Let q be u(d). Determine g(q).
-6
Let j(o) = 2*o - 1. Let d(n) = 13*n - 41. Suppose 11*h = h + 30. Let l be d(h). Give j(l).
-5
Let s(f) be the second derivative of f**4/12 - 5*f**3/3 - 29*f**2 - 3483*f. What is s(9)?
-67
Let i be (4 + -9)/(-15)*(-1 - -58). Let x(m) = -2 - 13*m**3 + m - m**2 - i*m**3 + 48*m**3 - 19*m**3. What is x(-2)?
16
Let z(y) = 3*y**3 + 18*y**2 + 4*y + 24. Let k be z(-6). Let v(d) = d**2. Determine v(k).
0
Let f = -17 - -17. Suppose -10*b + 15*b = f. Let m(j) = 3 - 2*j + b*j - j + 0*j. Determine m(3).
-6
Let m(y) = -y**3 - 8*y**2 - 14*y - 38. Suppose -7*c = -3*c + 28. Let f be m(c). Let g(o) = -o**3 + 10*o**2 + 15*o - 12. Determine g(f).
32
Let h(x) = -139*x**2 - 12*x + 50. Let z(o) = 365*o**2 + 32*o - 132. Let r(i) = 21*h(i) + 8*z(i). Suppose b - 2*b = -2*q + 12, q = -b. Calculate r(b).
-6
Suppose -119*y = -121*y - 8. Let u(m) = 2*m + 7. Let l = 18 - 1. Let k(v) = -6*v - 20. Let p(t) = l*u(t) + 6*k(t). Calculate p(y).
7
Let q(h) = -63 + 17*h**2 - 7*h + 2*h - 7*h**3 + 68. Let p(j) = 4*j**3 - 9*j**2 + 3*j - 2. Let c(o) = 5*p(o) + 3*q(o). What is c(6)?
5
Let y(x) = -x**3 - x**2 - x. Let s(u) = 2*u**3 + 4*u**2 + 4*u. Let a(t) = s(t) + 3*y(t). Suppose 3*l + 91 = -39*l - 49*l. Calculate a(l).
1
Suppose 3*m + 9 = -3*n, 3*m + n + n = -5. Let v(x) = 7*x**3 - 169*x**2 - 17*x**3 + 168*x**2 + m. Suppose -5 = 112*h - 107*h. Calculate v(h).
10
Let r(i) = -48*i + 7. Let y be r(11). Let p = -521 - y. Let b(g) = -g**3 + g**2 + g + 6. Determine b(p).
6
Let k(y) be the third derivative of -5/6*y**3 + 0*y + 0 + 5*y**2 + 1/60*y**5 + 1/3*y**4. Let v = -13124 + 13116. What is k(v)?
-5
Let f(q) = -q**2 + 3*q + 22. Let w be 1/(-12)*-60 - 10/(-2). Calculate f(w).
-48
Let w(s) = -5 - s**2 - 1207*s - 1209*s + 45 + 2425*s. Give w(12).
4
Let p(c) = 5*c**2 - 38*c**2 + 26*c**2 + 6*c**2 + 2*c**2 - 5*c - 5. Give p(-2).
9
Let h(k) = -5*k**2 - 14*k - 29. Let m(q) = -8*q**2 - 13*q - 2. Let c(x) = x**2 + x - 2. Let a(r) = -6*c(r) - m(r). Let d(t) = -7*a(t) - 3*h(t). Determine d(8).
-3
Suppose -24*f + 8*f + 288 = 0. Let r(n) = -5 - n**2 + 26*n + f*n + 23*n - 64*n. Give r(4).
-9
Suppose 20 = 3*n - 4*q, -20 + 2 = -4*n + q. Let a be -11 + 2 + n + -1. Let c(l) = -3*l - 11. What is c(a)?
7
Suppose -a = o - 0*o - 4, 0 = 5*a - 5*o - 40. Let k = a - -3. Suppose -3*p = -4*x + k, -x + 3*x - 7 = -p. Let u(j) = j**2 - 3. Calculate u(x).
6
Let a(k) = k + 7. Suppose -2*m + 5 = o - 16, 0 = 5*o + 2*m - 97. Suppose o = -4*l - i, 4*i + 11 = -3*l - 0*l. Give a(l).
2
Let h = -3102 + 3114. Let u(z) = z**3 - 11*z**2 - 11*z - 16. Determine u(h).
-4
Let w(k) = 29*k + 3. Let t(r) = -123*r - 489. Let m be t(-4). Calculate w(m).
90
Suppose 50*w + 10 = 55*w. Let y(a) = 5*a**w - a - 18*a + 1 - 4*a**2 + 9*a. Determine y(8).
-15
Let x(m) = m + 6. Let i(a) = -90*a - 80. Let s be i(-1). Determine x(s).
16
Let x(a) = 16*a - 816. Let r be x(52). Let n(l) = -l**3 + 17*l**2 - 16*l + 3. What is n(r)?
3
Let b(g) = -8*g**2 + 78*g + 16. Suppose 7*c + 26*c + 18*c = 510. What is b(c)?
-4
Let m(v) = v**3 - 21*v**2 + 2*v - 54. Suppose 394*j + 1260 = 454*j. What is m(j)?
-12
Let v(l) = -4*l - 25. Let n be v(-8). Suppose -4*z = -20, -g - 5*z + 7 = -4*z. Let y(i) = -i**3 + 7*i**2 - g*i - 2 + 9 + 0. What is y(n)?
-7
Let z(n) = n**3 + 2. Suppose -12*f - 56 = 22*f + 12. What is z(f)?
-6
Let s = 161 - 131. Let o(v) = -5*v - 1. Let g(z) = -144*z - 36. Let l(q) = s*o(q) - g(q). What is l(5)?
-24
Let z(j) = -18*j**3 - 12*j**2 - 3*j + 3. Let w(l) = -4*l**3 - 2*l**2 - l + 2. Let y(x) = -5*w(x) + z(x). Determine y(3).
35
Let r(q) = -q**2 + 8*q - 4. Suppose -19*c = -14*c, 5*x - 5*c + 420 = 0. Let f be x/(-63)*(-30)/(-8). What is r(f)?
11
Let c(h) = h**2 + 8*h + 7. Let s = 164 + -133. Suppose 3*a - 3*f = -6, 3*a + 0*f = -2*f - s. Give c(a).
0
Let n(u) be the second derivative of -u**5/120 - 7*u**4/24 - 8*u**3 - 3*u + 2. Let a(k) be the second derivative of n(k). Determine a(-8).
1
Let r(u) = -u**2 + 9*u. Let p be (-1 + -2)*(-1)/(6/(-44)). Let a = -14 - p. Give r(a).
8
Let h(b) be the second derivative of 3*b - 3*b**2 + 5/12*b**4 - 16 + 1/20*b**5 - 1/6*b**3. Let w be ((-15)/(-12))/(4/(-16)). Give h(w).
-1
Let d(s) = 2*s**3 - 9*s**2 - 2*s - 10. Let o be d(5). Let g(p) = -3*p + 2. Determine g(o).
-13
Let f(i) = -2*i**3 + 21*i**2 + 69*i. Let w(k) = -2*k**3 + 20*k**2 + 89*k. Let c(n) = 5*f(n) - 4*w(n). What is c(12)?
12
Let z(f) be the second derivative of f**2 - 100*f - f**3 + 1/12*f**4 + 0. Give z(5).
-3
Let j(k) = k**3 - 16*k + 6. Let u be j(4). Let s(q) = 5*q**2 + 0*q - 11*q - 1 + 3*q + u*q. Calculate s(-1).
6
Let a = 1418 + -1419. Let w(f) = f**2 - 63 + f - 10*f**3 + 63. Give w(a).
10
Let a(n) be the third derivative of -n**4/24 + 2*n**3 - 79*n**2 + n - 5. Suppose 0 = -3*h + 5*h - 14. What is a(h)?
5
Let b = -247937 - -247928. Let r(a) = a**2 - 5*a + 3*a + 7 + 13*a. Determine r(b).
-11
Let g(v) = -8*v - 28. Let q = -5516 + 5509. Determine g(q).
28
Let q = 32 + -17. Suppose 20*l - q*l = 1350. Let b be 1/4 + l/40. Let w(r) = -r**2 + 8*r - 2. Give w(b).
5
Let a(y) = -y**3 - y**2 + 5*y - 3. Suppose 148 - 13 = 15*c. Suppose c*j = 10*j - 3*d - 9, d = -j + 1. What is a(j)?
-24
Let x(k) be the second derivative of k**3/6 + 4*k**2 + 10*k - 73. Calculate x(-16).
-8
Let c(o) = 84*o + 132. Let v(d) = 29*d + 41. Let y(i) = -2*c(i) + 7*v(i). Calculate y(-5).
-152
Let u(w) = -87*w**3 - 16*w**2 + 22*w + 141. Let s(b) = 26*b**3 + 6*b**2 - 7*b - 47. Let h(j) = 10*s(j) + 3*u(j). Determine h(11).
30
Let g(k) = -7*k**2 + 18*k + 28. Let q(h) = -19*h**2 + 53*h + 80. Let u(m) = -11*g(m) + 4*q(m). Determine u(-11).
-21
Let z(r) be the third derivative of 3*r**4/8 - 31*r**3/6 - 9*r**2 + 154. Give z(10).
59
Suppose 3*z + 24 = -18. Let l be 8/z - (-15)/21*166. Let q = l - 121. Let c(v) = -3*v + 1. Determine c(q).
10
Suppose -4*m - 470 = -5*g, 3*m + 4*g = 3*g - 362. Let z = m + 119. Let a(d) = 6*d**3 + 2*d**2 - 1. Give a(z).
-5
Let q(k) = -k**3 - 8*k**2 - 9*k - 4. Let z(l) = -l**3 + 2*l**2 + 2. Let i be z(3). Let h be q(i). Let b(r) = 2*r - 7. What is b(h)?
13
Let y(s) = -3*s - 3 - 6 - s. Let g(o) = 8*o + 17. Let r(z) = 6*g(z) + 11*y(z). Suppose -u + 5*p = -0*u + 33, -4*u - 5*p + 18 = 0. Determine r(u).
-9
Let f(p) = -5*p**2 - p + 2*p + p + 1. Let n(z) = -z**3 - 4*z**2 + 30*z + 10. Let j be n(4). Calculate f(j).
-15
Let i(y) = y**2 + 5. Let z(v) = -12 + 31 - 20. Let o(a) = i(a) + 6*z(a). Suppose 0 = -k + 2*k - 3. What is o(k)?
8
Let z(s) = 6*s - 5. Let h(p) = -12*p + 9. Let j(n) = 4*h(n) + 7*z(n). Let d(c) = -c**2 - 6*c - 6. Let v be 1/((-2)/16) + -1 + 4. Let g be d(v). Calculate j(g).
7
Let h(y) be the second derivative of -2*y**3 - 2*y**2 + 1679*y. What is h(-1)?
8
Let h = 1014 + -1011. Let z(p) be the second derivative of 1/20*p**5 + 0 - h*p - 1/2*p**3 + 3/2*p**2 + 1/6*p**4. What is z(-3)?
3
Let f = 19 + -19. Suppose 2*r + 5*z - 29 = 0, 0 = 2*r - z + 5*z - 24. Let q(a) = 1841*a + r - a**2 - 1841*a. Give q(f).
2
Let q(v) = -7*v**3 - 74*v**2 + 7*v - 6. Let j(a) = 4*a**3 + 44*a**2 - 4*a + 4. Let r(m) = -10*j(m) - 6*q(m). Give r(-3).
-16
Let l be 4*1 - (9 + -5 - 2). Let k be (3 - -6)/(l/10). Suppose k = m - 10*m. Let h(o) = -2*o**2 - 7*o + 1. Calculate h(m).
-14
Suppose -77 = -23*j + 12*j. Suppose 212 - 170 = j*x. Let t(z) = z**3 - 7*z**2 + 10*z - 10. Calculate t(x).
14
Let r(p) be the second derivative of 0 + 1/24*p**4 - 5*p**2 + 12*p - 1/6*p**3. Let m(q) be the first derivative of r(q). Determine m(7).
6
Let z(u) = 5*u**3 + 61*u**2 - 38*u - 15. Let j(g) = g**3 + 12*g**2 - 8*g - 3. Let l(o) =